nd b.
22
Suppose 2*w - 332 = -5*b, -w - 28 + 162 = 2*b. Calculate the highest common factor of b and 536.
8
Suppose -1938 = -150*v + 3912. What is the greatest common factor of v and 4550?
13
Suppose -124*u + 123*u - 6310 = -3*i, -3*i - u = -6326. Calculate the highest common factor of i and 156.
78
Suppose -4*l + 216 = 5*n, -39*n - 228 = -44*n - 2*l. Calculate the highest common divisor of n and 2224.
16
Let z = -54 - -57. Suppose -3*a - z*k + 48 = a, 0 = a - 5*k + 11. Suppose -p - 133 = -5*l, -a = 3*p - 0. Calculate the greatest common divisor of l and 182.
26
Let n(k) = -k**2 - 30*k - 184. Let x be 4/(-14) - 620/35. Let h be n(x). Calculate the greatest common divisor of 464 and h.
16
Let f be 2/4*754*2. Suppose 5*w = 62*d - 67*d + 320, -4*d = -2*w + 92. Calculate the highest common factor of w and f.
58
Suppose -w = -4*o + 5, 2 = 7*o - 6*o - w. Suppose 2*f - o = 21. Calculate the greatest common divisor of f and 187.
11
Suppose 0 = 1485*b - 1497*b + 168. What is the greatest common factor of 10 and b?
2
Let u(k) = -13*k + 3577. Let a be u(-23). What is the greatest common divisor of a and 1596?
228
Let d be -35*(2/(-15) + (-26)/30). Let j be (d/(-21)*-1)/(3/612). What is the highest common divisor of j and 20?
20
Suppose -3111*r - 20 = -3131*r. What is the highest common factor of 101 and r?
1
Suppose 0 = w + 3*w - 3*t - 3099, 1562 = 2*w - 4*t. What is the highest common divisor of 3 and w?
3
Suppose 30*c - 443 = 427. Calculate the highest common factor of c and 1943.
29
Let r = -209 - -220. Let x(c) = 2*c**2 - 23*c + 14. Let y be x(r). What is the highest common factor of 21 and y?
3
Let x = 3869 + -3376. What is the greatest common factor of 731 and x?
17
Let y be (2055/9 - -3) + 10/15. Suppose 0 = 5*k - 10, -k = 2*p + k - y. What is the highest common factor of 6 and p?
6
Suppose 164 = -94*v + 1986 + 998. What is the highest common factor of 615 and v?
15
Suppose -8*u = -5*u + 3. Let v be u/((-205)/(-70) - 3). What is the highest common divisor of v and 4?
2
Let t(q) = q**3 - 17*q**2 + 117*q - 134. Let m be t(22). What is the greatest common divisor of 12 and m?
12
Suppose -15*z + 18472 = -19973. What is the highest common divisor of z and 11?
11
Let o(h) = -440*h + 6963. Let p be o(13). What is the greatest common factor of 2147 and p?
113
Let d(k) = 1120*k - 2939. Let f be d(8). Calculate the greatest common factor of f and 18.
9
Let u be (-5 - -173) + -2 - -5. Calculate the greatest common divisor of u and 41553.
171
Suppose 32*b - 3*k = 33*b - 184, 2*k = -5*b + 959. Calculate the greatest common factor of b and 2.
1
Let m be 5082/363 - (-661 - 0). Calculate the highest common divisor of m and 1200.
75
Let g be 677 - ((-252)/7)/(-9). Suppose 5*s = -3*m + g + 641, 8 = -4*m. Let p(t) = t**2 + 24. Let o be p(0). What is the greatest common factor of o and s?
24
Suppose g = k + 4*k, -k = -2*g. Suppose g = 2*u + 2 - 12. What is the highest common factor of 3 and u?
1
Let d = -10355 - -30647. Calculate the highest common divisor of 152 and d.
76
Let u(i) = 8*i + 3840. Let c be u(0). What is the highest common factor of 240 and c?
240
Let c = 15519 - 14908. Calculate the highest common factor of c and 47.
47
Suppose 23 = 4*q - 2*l - 67, -112 = -5*q + 2*l. Suppose -4*v - 57 = -5*c, 2*c + 4*v = 6*v + q. What is the greatest common divisor of 208 and c?
13
Let c be 138/((-18)/(-6)) - -2. What is the highest common divisor of c and 388?
4
Suppose -2*f + 100 = d, f = -3*f + 16. Let a be (-24 + 1)*1/(-1). Calculate the highest common factor of d and a.
23
Let t(p) = -2*p - 1. Let o(d) = 77*d + 9. Let r(m) = 2*o(m) + 22*t(m). Let h be r(6). What is the greatest common factor of 16 and h?
16
Suppose 274 = 4*s + 234. Let b(h) = 8*h - 56. Let j be b(s). Let i = 3 + 3. Calculate the greatest common divisor of i and j.
6
Suppose -15*j = -10*j - 315. Let l be 6853/j - 5/(90/(-4)). Suppose -111*i + l*i = -16. What is the greatest common factor of 12 and i?
4
Suppose 4*i + 166 = w, -w + 2*w = -i + 176. Let a = w + -106. What is the highest common divisor of a and 544?
68
Let x = -325 + 329. Suppose 0 = -3*q - 2*r + 240 - 30, x*q - 280 = -3*r. Calculate the highest common divisor of q and 245.
35
Suppose -2*r + 93 = i, 3*r + 38 = -3*i + 170. Calculate the greatest common factor of r and 1442.
7
Let i be 11/((-22)/(-14)) + 1. Let a be (-17292)/(-77)*(-210)/(-4). Let u be a/105 + 4/(-14). What is the greatest common divisor of u and i?
8
Suppose 2715 = 75*u - 4635. What is the highest common divisor of 8134 and u?
98
Suppose -10*a + 7591 + 6819 = 0. Let r = 2079 - a. What is the highest common divisor of r and 58?
58
Suppose 4*c - 516 = -4. Suppose c = -13*r + 648. What is the highest common factor of r and 14?
2
Let l = 7264 - 4249. Calculate the greatest common factor of l and 30.
15
Let r be -5 + -1 - -7 - (5 - 0). Let i be r/26 - -3*1254/117. What is the highest common divisor of i and 32?
32
Suppose 2*u + 25 = 5*y, 5*y = -18*u + 16*u + 25. Suppose -46*j + 48*j - 902 = u. What is the highest common factor of 41 and j?
41
Let n = 5 + -3. Suppose 0 = -11*f + 22*f + 1584. Let x be (f/12)/((-12)/8). Calculate the highest common factor of x and n.
2
Suppose -5*a + 37 = 447. Let n = a - -123. Let d = n + -29. Calculate the greatest common divisor of 108 and d.
12
Let p(n) = -16*n + 4. Let g be p(3). Let d = g + 46. Suppose -224 = -3*b + d*b. What is the highest common factor of b and 28?
28
Let l(x) = -3*x + 19. Let o be l(6). Let w(v) = -7*v**2 + 1. Let u be w(o). Let c be (-3)/u + 162/12. What is the greatest common factor of 28 and c?
14
Suppose -2*g - 6*w + w = 170, -4*g - 358 = w. Let y be g/6 + 2*2. Let v be 2/(-11) + (-1)/y*398. Calculate the highest common factor of v and 54.
18
Let z be (27 + -12 - 14)/(1/69). What is the highest common factor of z and 1334?
23
Let h be (-37 + -268)*87/(-15). What is the greatest common divisor of h and 203?
29
Suppose 0 = 29*d + 36*d + 14*d - 230917. What is the highest common factor of d and 316?
79
Let i be (49/(-21))/(-7) + 20/3. Suppose -5*t + 2280 = i*t. What is the greatest common divisor of t and 20?
10
Suppose 0 = 2*u - 4*m - 32, 0 = -5*m - 0 + 30. Suppose -3*v + 49 = 5*i, -i + 16 = 2*v + 2. What is the greatest common divisor of u and i?
4
Let q = -78 - -80. Suppose 6*y - q = 52. Let i be 855/y + 0/2. Calculate the highest common factor of i and 19.
19
Let u = 77 - 62. Suppose -4*s - 253 = -3*z - 81, 5*s - 70 = -z. What is the greatest common factor of u and z?
15
Suppose -7*z + 346 = -1579. What is the highest common divisor of 187 and z?
11
Let f be ((-11)/(-33))/(2/60). Let z(b) = b**3 - 7*b**2 - 16*b + 31. Let y be z(f). Suppose -17 + y = i. What is the highest common divisor of 22 and i?
22
Let b be 560 - ((-9)/(-3) + -1). Let l = b + 498. What is the highest common divisor of 66 and l?
66
Let m be (((-26)/13)/4)/((-3)/504). Calculate the highest common divisor of m and 3297.
21
Let o = 183408 + -124531. Calculate the greatest common divisor of o and 91.
91
Let w(o) = -o**2 - o - 9. Let m(l) = 2*l - 1. Let j(x) = -3*m(x) - w(x). Let b be j(7). What is the highest common divisor of 16 and b?
2
Suppose -5*p = 5*m + 1060 + 1120, -3*p + m - 1292 = 0. Let r be (p/30)/(6/(-20)). Calculate the greatest common factor of r and 72.
24
Let o be (-9344)/36 - 12/27. Let a = -95 - o. Let l(b) = -b**3 - 7*b**2 + 5*b + 9. Let v be l(-8). What is the greatest common factor of a and v?
33
Let h(r) = r**2 - 2*r. Let s be h(3). Let d(a) = 5*a**2 - 104. Let g be d(-10). Suppose s*c + g = 6*c. What is the highest common factor of c and 12?
12
Let c = 7181 + -4007. What is the greatest common factor of 18 and c?
6
Let l be -4*9/24*(-9440)/15. What is the highest common factor of l and 1770?
118
Suppose -3985 = 4*h - 34*h + 1955. What is the highest common factor of h and 990?
198
Let l be (-120)/(-4)*1/(-2). Let k = l + 53. Suppose 2*w - 22 = -2*t + 62, -102 = -3*t + 3*w. What is the highest common divisor of t and k?
38
Let z(q) be the second derivative of q**4/6 + 35*q**3/6 + 255*q**2/2 - 211*q. Let w be z(-13). Calculate the greatest common factor of w and 12.
6
Let w(l) be the first derivative of 20*l**2 - 32*l + 103. Let z be w(4). What is the highest common divisor of 4 and z?
4
Suppose 288 = 2*l + 2*z, 76*l + 5*z 